{"id":209,"date":"2023-01-02T07:10:52","date_gmt":"2023-01-02T07:10:52","guid":{"rendered":"https:\/\/appenzeller-ferienhaus.ch\/?page_id=209"},"modified":"2024-06-18T04:53:57","modified_gmt":"2024-06-18T04:53:57","slug":"angebot-fuer-handwerker-monteure-gastarbeiter","status":"publish","type":"page","link":"https:\/\/appenzeller-ferienhaus.ch\/?page_id=209","title":{"rendered":"Angebot f\u00fcr Handwerker Monteure Gastarbeiter"},"content":{"rendered":"\n<p>Haben Sie einen Auftrag in der Ostschweiz und ben\u00f6tigen eine Unterkunft f\u00fcr Ihre Arbeiter \/ Handwerker \/ Monteure \/ Mitarbeiter? Das Haus bietet <strong>8 Einzelschlafpl\u00e4tze<\/strong> und ist ideal f\u00fcr Ihre Angestellten. Gerne machen wir Ihnen ein Pauschalangebot f\u00fcr Wochenaufenthalte:<\/p>\n\n\n\n<p><strong>Angebot 1: CHF 1200.&#8211; + Reinigung (CHF 199) pro Arbeitswoche (ohne Wochenende):<\/strong><\/p>\n\n\n\n<p>Das Angebot gilt f\u00fcr einen Bezug ab Montag 17Uhr f\u00fcr 8 Personen. Der Checkout muss am Freitag derselben Woche bis um 8Uhr erfolgt sein.<\/p>\n\n\n\n<p><strong>Angebot 2: CHF 1700.&#8211; + Reinigung (CHF 199) pro Woche (inkl. Wochenende):<\/strong><\/p>\n\n\n\n<p>Wenn Ihre Mitarbeitenden \u00fcbers Wochenende bleiben m\u00fcssen oder das Haus \u00fcbers Wochenende nicht leerr\u00e4umen wollen. Das Angebot gilt f\u00fcr eine Woche inkl. Wochenende f\u00fcr 8 Personen.<\/p>\n\n\n\n<p><strong>Angebot 3: CHF 5200.&#8211;  pro Monat (inkl. Wochenenden und <strong>inkl. Reinigung alle 2 Wochen<\/strong>):<\/strong><\/p>\n\n\n\n<p>Wenn Ihr Auftrag l\u00e4nger dauert und Ihre Mitarbeitenden \u00fcber die Wochenenden bleiben m\u00fcssen oder das Haus \u00fcber die Wochenenden Wochenende nicht leerr\u00e4umen wollen. Das Angebot gilt f\u00fcr einen Monat inkl. Wochenende f\u00fcr 8 Personen.<\/p>\n\n\n\n<p><\/p>\n\n\n\n<p>Bitte fragen Sie per E-Mail info@appenzeller-ferienhaus.ch nach, ob die gew\u00fcnschten Daten noch frei sind. Das Angebot gilt nicht in der Hauptsaison und \u00fcber die Feiertage.<\/p>\n\n\n\n<p><\/p>\n\n\n\n<p>Aus dem Doppelbett im DG k\u00f6nnen zwei Einzelbetten gemacht werden:<\/p>\n\n\n\n<p><\/p>\n\n\n\n<p><\/p>\n\n\n\n<p><\/p>\n","protected":false},"excerpt":{"rendered":"<p>Haben Sie einen Auftrag in der Ostschweiz und ben\u00f6tigen eine Unterkunft f\u00fcr Ihre Arbeiter \/ Handwerker \/ Monteure \/ Mitarbeiter? Das Haus bietet 8 Einzelschlafpl\u00e4tze und ist ideal f\u00fcr Ihre Angestellten. Gerne machen wir Ihnen ein Pauschalangebot f\u00fcr Wochenaufenthalte: Angebot <a href=\"https:\/\/appenzeller-ferienhaus.ch\/?page_id=209\" class=\"more-link\">Weiterlesen<\/a><\/p>\n","protected":false},"author":2,"featured_media":0,"parent":0,"menu_order":0,"comment_status":"closed","ping_status":"closed","template":"","meta":{"footnotes":""},"class_list":["post-209","page","type-page","status-publish","hentry"],"_links":{"self":[{"href":"https:\/\/appenzeller-ferienhaus.ch\/index.php?rest_route=\/wp\/v2\/pages\/209","targetHints":{"allow":["GET"]}}],"collection":[{"href":"https:\/\/appenzeller-ferienhaus.ch\/index.php?rest_route=\/wp\/v2\/pages"}],"about":[{"href":"https:\/\/appenzeller-ferienhaus.ch\/index.php?rest_route=\/wp\/v2\/types\/page"}],"author":[{"embeddable":true,"href":"https:\/\/appenzeller-ferienhaus.ch\/index.php?rest_route=\/wp\/v2\/users\/2"}],"replies":[{"embeddable":true,"href":"https:\/\/appenzeller-ferienhaus.ch\/index.php?rest_route=%2Fwp%2Fv2%2Fcomments&post=209"}],"version-history":[{"count":4,"href":"https:\/\/appenzeller-ferienhaus.ch\/index.php?rest_route=\/wp\/v2\/pages\/209\/revisions"}],"predecessor-version":[{"id":257,"href":"https:\/\/appenzeller-ferienhaus.ch\/index.php?rest_route=\/wp\/v2\/pages\/209\/revisions\/257"}],"wp:attachment":[{"href":"https:\/\/appenzeller-ferienhaus.ch\/index.php?rest_route=%2Fwp%2Fv2%2Fmedia&parent=209"}],"curies":[{"name":"wp","href":"https:\/\/api.w.org\/{rel}","templated":true}]}}